ctor of 261 and 58.
29
What is the greatest common factor of 33 and 121?
11
What is the greatest common factor of 112 and 952?
56
What is the greatest common divisor of 114 and 304?
38
What is the greatest common factor of 77 and 1897?
7
Calculate the highest common factor of 400 and 175.
25
Calculate the highest common factor of 506 and 11.
11
What is the highest common factor of 4832 and 96?
32
What is the greatest common divisor of 6285 and 15?
15
What is the highest common factor of 395 and 5?
5
What is the greatest common factor of 756 and 112?
28
What is the greatest common divisor of 4352 and 612?
68
Calculate the highest common divisor of 1974 and 14.
14
Calculate the greatest common factor of 1760 and 60.
20
What is the highest common divisor of 1221 and 777?
111
Calculate the greatest common factor of 368 and 240.
16
Calculate the highest common divisor of 765 and 180.
45
Calculate the greatest common divisor of 207 and 1817.
23
Calculate the greatest common factor of 7 and 65639.
7
Calculate the greatest common factor of 6 and 9.
3
Calculate the highest common factor of 296 and 92.
4
What is the highest common divisor of 9878 and 22?
22
What is the highest common factor of 18 and 603?
9
Calculate the highest common divisor of 92 and 713.
23
What is the highest common factor of 2542 and 248?
62
Calculate the greatest common factor of 168 and 700.
28
What is the greatest common factor of 7 and 13?
1
What is the greatest common factor of 134 and 469?
67
Calculate the greatest common divisor of 55 and 8305.
55
Calculate the highest common factor of 98 and 49.
49
What is the highest common divisor of 133 and 19?
19
What is the greatest common divisor of 1650 and 66?
66
Calculate the greatest common divisor of 135 and 5.
5
Calculate the highest common divisor of 18 and 81.
9
Calculate the highest common factor of 162 and 45.
9
What is the greatest common factor of 754 and 58?
58
Calculate the highest common divisor of 16 and 76.
4
Calculate the highest common divisor of 8 and 38968.
8
Calculate the greatest common divisor of 9 and 531.
9
What is the highest common factor of 30 and 8460?
30
Calculate the greatest common divisor of 4 and 358.
2
What is the highest common factor of 729 and 9?
9
What is the greatest common factor of 25 and 1675?
25
What is the greatest common factor of 78 and 1534?
26
Calculate the greatest common factor of 35 and 28.
7
What is the greatest common factor of 119 and 153?
17
Calculate the highest common factor of 2 and 192.
2
Calculate the highest common divisor of 3 and 129.
3
What is the highest common divisor of 48 and 26?
2
What is the greatest common divisor of 2839 and 17?
17
What is the greatest common factor of 2002 and 2145?
143
Calculate the highest common divisor of 12111 and 33.
33
Calculate the highest common factor of 14 and 560.
14
What is the greatest common divisor of 412 and 4?
4
What is the greatest common factor of 308 and 12320?
308
Calculate the highest common divisor of 9 and 39.
3
Calculate the highest common factor of 18 and 282.
6
Calculate the greatest common divisor of 260 and 533.
13
Calculate the greatest common factor of 6216 and 140.
28
What is the highest common divisor of 58 and 203?
29
What is the highest common divisor of 2 and 29?
1
What is the greatest common factor of 760 and 1330?
190
What is the highest common factor of 31 and 217?
31
Calculate the highest common divisor of 8 and 4864.
8
What is the greatest common factor of 279 and 217?
31
What is the greatest common divisor of 6 and 642?
6
What is the highest common divisor of 49 and 56?
7
Calculate the greatest common divisor of 22 and 21494.
22
Calculate the greatest common factor of 39 and 4875.
39
What is the highest common divisor of 112 and 41384?
56
Calculate the greatest common divisor of 256 and 56.
8
Calculate the greatest common divisor of 20 and 140.
20
Calculate the greatest common divisor of 45 and 153.
9
What is the greatest common factor of 3690 and 10?
10
Calculate the greatest common divisor of 33 and 11286.
33
What is the greatest common divisor of 83 and 1162?
83
What is the highest common factor of 1829 and 217?
31
What is the highest common factor of 22 and 1?
1
Calculate the highest common factor of 32 and 288.
32
Calculate the greatest common divisor of 240 and 48.
48
What is the highest common divisor of 832 and 256?
64
What is the highest common divisor of 377 and 58?
29
What is the highest common factor of 4 and 2452?
4
Calculate the highest common divisor of 44 and 1078.
22
What is the greatest common divisor of 490 and 455?
35
Calculate the highest common factor of 1287 and 99.
99
Calculate the highest common factor of 27 and 543.
3
What is the greatest common divisor of 45 and 13245?
15
What is the greatest common factor of 55 and 9350?
55
What is the highest common divisor of 505 and 808?
101
Calculate the highest common divisor of 264 and 8.
8
What is the highest common factor of 15935 and 5?
5
Calculate the greatest common factor of 184 and 299.
23
Calculate the greatest common divisor of 589 and 155.
31
Calculate the greatest common factor of 192 and 12.
12
Calculate the greatest common divisor of 34 and 1445.
17
Calculate the greatest common factor of 80 and 30.
10
Calculate the greatest common divisor of 1025 and 82.
41
Calculate the highest common divisor of 141 and 235.
47
Calculate the highest common factor of 918 and 476.
34
What is the greatest common factor of 5 and 1?
1
What is the greatest common factor of 88 and 110?
22
Calculate the highest common divisor of 224 and 182.
14
What is the highest common divisor of 456 and 6080?
152
What is the greatest common factor of 24 and 21?
3
Calculate the highest common divisor of 5 and 40.
5
What is the highest common divisor of 11 and 2629?
11
What is the greatest common factor of 250 and 2?
2
Calculate the highest common factor of 107 and 1391.
107
Calculate the highest common divisor of 494 and 76.
38
Calculate the highest common factor of 453 and 1963.
151
What is the highest common divisor of 2 and 422?
2
What is the highest common divisor of 144 and 270?
18
What is the highest common factor of 504 and 448?
56
What is the greatest common divisor of 34 and 16?
2
What is the highest common factor of 49 and 476?
7
What is the highest common factor of 3294 and 18?
18
Calculate the greatest common divisor of 665 and 38.
19
Calculate the greatest common factor of 60 and 3236.
4
What is the highest common divisor of 32 and 176?
16
What is the highest common divisor of 12609 and 27?
27
What is the highest common divisor of 3906 and 252?
126
What is the highest common divisor of 27248 and 8?
8
Calculate the highest common factor of 34 and 4811.
17
Calculate the greatest common factor of 360 and 200.
40
Calculate the greatest common factor of 390 and 1690.
130
What is the greatest common divisor of 168 and 564?
12
Calculate the highest common factor of 1000 and 350.
50
Calculate the greatest common factor of 209 and 228.
19
Calculate the highest common divisor of 224 and 350.
14
What is the greatest common divisor of 512 and 1504?
32
Calculate the greatest common divisor of 1290 and 30.
30
What is the greatest common factor of 245 and 35?
35
Calculate the greatest common divisor of 32 and 400.
16
Calculate the highest common divisor of 3 and 28485.
3
What is the greatest common factor of 81 and 81?
81
What is the highest common divisor of 340 and 300?
20
What is the greatest common divisor of 979 and 89?
89
Calculate the highest common divisor of 30 and 1995.
15
What is the greatest common factor of 230 and 368?
46
What is the highest common divisor of 37 and 1628?
37
What is the highest common factor of 186 and 1674?
186
Calculate the greatest common factor of 1058 and 46.
46
What is the greatest common divisor of 432 and 240?
48
Calculate the highest common factor of 27 and 6147.
9
Calculate the greatest common divisor of 40 and 605.
5
What is the greatest common factor of 63 and 476?
7
What is the highest common divisor of 88 and 16?
8
Calculate the highest common divisor of 740 and 1702.
74
Calculate the highest common factor of 54 and 783.
27
Calculate the greatest common divisor of 38 and 2261.
19
Calculate the highest common div